{"id":8,"name":"strona-glowna-1","title":"Strona g\u0142\u00f3wna BIP","desc":"","header":"Strona g\u0142\u00f3wna BIP","lead":"","keywords":"","changes":"aktualizacja","menu":"Strona g\u0142\u00f3wna BIP","path":"\/strona-glowna-1.html","url":"\/strona-glowna-1.html","infoOwner":"Centrum Kszta\u0142cenia Zawodowego i Ustawicznego Wojew\u00f3dztwa \u015al\u0105skiego w Raciborzu","dateFirstPublicate":"2021-07-30 11:52:42","dateLastVersionPublicate":"2024-10-24 13:09:50","dateAvailableFrom":"2024-10-18 13:30:57","dateAvailableTo":"","type":"jednostki_Zwyk\u0142a","pageParams":[],"components":[{"id":"46f50999-7310-11e9-90c1-000c290e6fc2","type":"ContentWYSIWYG","name":"Informacje og\u00f3lne","description":"Tre\u015b\u0107 strony","content":{"content":"\u003Cp\u003EZapraszamy do \u003Cstrong\u003ECentrum Kszta\u0142cenia Zawodowego i Ustawicznego Wojew\u00f3dztwa \u015al\u0105skiego w Raciborzu\u003C\/strong\u003E - szko\u0142y z\u00a0 60 letni\u0105 tradycj\u0105 i histori\u0105 oraz ugruntowan\u0105 pozycj\u0105 na rynku edukacyjnym, kt\u00f3ra postawi\u0142a sobie za cel kszta\u0142cenie na najwy\u017cszym poziomie.\u003C\/p\u003E\n\u003Cp\u003E\u003Cstrong\u003E Ofert\u0119 nasz\u0105 kierujemy do\u003C\/strong\u003E wszystkich, kt\u00f3rzy uko\u0144czyli szko\u0142\u0119 \u015bredni\u0105 dowolnego typu i chcieliby swoj\u0105 wiedz\u0105 i umiej\u0119tno\u015bciami s\u0142u\u017cy\u0107 drugiemu cz\u0142owiekowi.\u003C\/p\u003E\n\u003Cp\u003E\u003Cstrong\u003EOferujemy bezp\u0142atne kszta\u0142cenie bez matury\u003C\/strong\u003E w systemie dziennym, stacjonarnym i zaocznym w zawodach:\u003C\/p\u003E\n\u003Cul style=\u0022list-style-type: disc;\u0022\u003E\n\u003Cli style=\u0022text-align: left;\u0022\u003Etechnik masa\u017cysta (2 lata)\u003C\/li\u003E\n\u003Cli style=\u0022text-align: left;\u0022\u003Ehigienistka stomatologiczna (2 lata)\u003C\/li\u003E\n\u003Cli style=\u0022text-align: left;\u0022\u003Eterapeuta zaj\u0119ciowy (2 lata)\u003C\/li\u003E\n\u003Cli style=\u0022text-align: left;\u0022\u003Eopiekunka dzieci\u0119ca (2 lata)\u003C\/li\u003E\n\u003Cli style=\u0022text-align: left;\u0022\u003Etechnik us\u0142ug kosmetycznych (2 lata)\u003C\/li\u003E\n\u003Cli style=\u0022text-align: left;\u0022\u003Etechnik sterylizacji medycznej (1 rok)\u003C\/li\u003E\n\u003Cli style=\u0022text-align: left;\u0022\u003Eopiekun w domu pomocy spo\u0142ecznej (2 lata)\u003C\/li\u003E\n\u003Cli style=\u0022text-align: left;\u0022\u003Easystent osoby niepe\u0142nosprawnej (1 rok)\u003C\/li\u003E\n\u003Cli style=\u0022text-align: left;\u0022\u003Eopiekun medyczny (1,5 roku)\u003C\/li\u003E\n\u003C\/ul\u003E\n\u003Cp style=\u0022text-align: left;\u0022\u003ENasz kadra nauczycielska nieustannie si\u0119 kszta\u0142ci, aby zapewni\u0107 uczniom nauk\u0119 na najwy\u017cszym poziomie. Staramy si\u0119 organizowa\u0107 du\u017co zaj\u0119\u0107 praktycznych oraz stwarzamy mo\u017cliwo\u015bci do zdobywania przez s\u0142uchaczy dodatkowych uprawnie\u0144 w ich zawodach.\u003C\/p\u003E\n\u003Cp style=\u0022text-align: left;\u0022\u003EAtutem szko\u0142y jest wysoka zdawalno\u015b\u0107 egzamin\u00f3w zewn\u0119trznych potwierdzaj\u0105cych kwalifikacje zawodowe. Nasi absolwenci s\u0105 wysoko oceniani przez pracodawc\u00f3w i po odbyciu praktyki i uzyskaniu dyplom\u00f3w ch\u0119tnie przez nich zatrudniani, co jest najlepszym wyznacznikiem dzia\u0142alno\u015bci dydaktyczno-wychowawczej szko\u0142y.\u003C\/p\u003E","promotion":false}},{"id":"46f5aefd-7310-11e9-90c1-000c290e6fc2","type":"Html","name":"_Pe\u0142na lista us\u0142ug","description":"HTML","content":{"content":{"html":""}}},{"id":"46f654da-7310-11e9-90c1-000c290e6fc2","type":"Html","name":"_Pe\u0142na lista og\u0142osze\u0144","description":"HTML","content":{"content":{"html":""}}}]}

Strona główna BIP

Centrum Kształcenia Zawodowego i Ustawicznego Województwa Śląskiego w Raciborzu

jednostki_Zwykła

Informacje ogólne

Treść strony

<p>Zapraszamy do <strong>Centrum Kształcenia Zawodowego i Ustawicznego Województwa Śląskiego w Raciborzu</strong> - szkoły z  60 letnią tradycją i historią oraz ugruntowaną pozycją na rynku edukacyjnym, która postawiła sobie za cel kształcenie na najwyższym poziomie.</p>
<p><strong> Ofertę naszą kierujemy do</strong> wszystkich, którzy ukończyli szkołę średnią dowolnego typu i chcieliby swoją wiedzą i umiejętnościami służyć drugiemu człowiekowi.</p>
<p><strong>Oferujemy bezpłatne kształcenie bez matury</strong> w systemie dziennym, stacjonarnym i zaocznym w zawodach:</p>
<ul style="list-style-type: disc;">
<li style="text-align: left;">technik masażysta (2 lata)</li>
<li style="text-align: left;">higienistka stomatologiczna (2 lata)</li>
<li style="text-align: left;">terapeuta zajęciowy (2 lata)</li>
<li style="text-align: left;">opiekunka dziecięca (2 lata)</li>
<li style="text-align: left;">technik usług kosmetycznych (2 lata)</li>
<li style="text-align: left;">technik sterylizacji medycznej (1 rok)</li>
<li style="text-align: left;">opiekun w domu pomocy społecznej (2 lata)</li>
<li style="text-align: left;">asystent osoby niepełnosprawnej (1 rok)</li>
<li style="text-align: left;">opiekun medyczny (1,5 roku)</li>
</ul>
<p style="text-align: left;">Nasz kadra nauczycielska nieustannie się kształci, aby zapewnić uczniom naukę na najwyższym poziomie. Staramy się organizować dużo zajęć praktycznych oraz stwarzamy możliwości do zdobywania przez słuchaczy dodatkowych uprawnień w ich zawodach.</p>
<p style="text-align: left;">Atutem szkoły jest wysoka zdawalność egzaminów zewnętrznych potwierdzających kwalifikacje zawodowe. Nasi absolwenci są wysoko oceniani przez pracodawców i po odbyciu praktyki i uzyskaniu dyplomów chętnie przez nich zatrudniani, co jest najlepszym wyznacznikiem działalności dydaktyczno-wychowawczej szkoły.</p>

_Pełna lista usług

_Pełna lista ogłoszeń
